 -14 + 38 = 3*p + 3*y, -8 = 4*y. Calculate the highest common factor of 80 and p.
10
Let m = -610 - -1105. What is the highest common factor of 45 and m?
45
Let j be (-5)/1*(-30 - 3). Let z = j + -114. Calculate the greatest common divisor of 17 and z.
17
Let o be -1*(-11 + (6 - 3)). Calculate the highest common factor of o and 2.
2
Suppose -3*j + 260 = j. Suppose 7*p = 2*c + 2*p - 6, -2*p + 4 = 0. Let d be (39/(-6))/((-2)/c). Calculate the highest common factor of d and j.
13
Let g(c) = 2*c**3 + 0*c**3 + 4 + 2*c**2 - 3 + 3*c**2. Let a be g(4). What is the greatest common divisor of 19 and a?
19
Let o be 1/((-10)/15)*-22. What is the greatest common factor of o and 3?
3
Suppose -3*j = -2*g - 40, -3*j + 0*g - 3*g + 45 = 0. Calculate the greatest common divisor of 14 and j.
14
Let b be (-6)/(-4)*24/18. Suppose 0 = -w + 5*h + 1, -w = w + 5*h - b. What is the greatest common factor of 11 and w?
1
Suppose -2*f + 47 = -d, f = 5*d - 4*d + 23. What is the greatest common factor of 3 and f?
3
Let h be (-2)/(-4) - (-55)/10. Let g(z) = -15*z + 3. Let n be g(-3). Calculate the highest common factor of h and n.
6
Suppose 22 + 10 = 4*q. Let k = q + -2. What is the highest common factor of 42 and k?
6
Let o be (-2)/((-2)/11) - 4. What is the highest common divisor of o and 70?
7
Let x(f) = 2*f**3 - 8*f**2 + 9*f + 5. Let d be x(5). What is the highest common divisor of d and 25?
25
Let o(b) = -16*b + 2. Let s be o(-2). Calculate the greatest common divisor of 374 and s.
34
Suppose g = -3 + 8. Calculate the greatest common factor of 30 and g.
5
Let h be (-124)/(-7) - (-8)/28. Calculate the greatest common factor of h and 144.
18
Let g be -9 + (-2 - -3) - 0. Let s = g - -26. Let h = -157 - -301. Calculate the highest common factor of s and h.
18
Suppose 9 = o + o + 5*i, -12 = 4*i. Suppose -30 = 3*j + 2*j. Let v be (-2 + j)*30/(-2). What is the greatest common factor of v and o?
12
Suppose 43*x + 82 = 45*x. Calculate the highest common divisor of 451 and x.
41
Suppose 4*i + 3*p = 1597, 2*i - 920 + 116 = 4*p. Calculate the highest common divisor of i and 16.
16
Let n be (-25)/(-50) - 3/(-2). Calculate the greatest common divisor of 1 and n.
1
Let t = 87 - 15. Let h = 10 - 2. What is the highest common divisor of h and t?
8
Suppose -3*k - 2*d = -7*k + 818, -5*k + 1025 = -2*d. Calculate the greatest common divisor of 9 and k.
9
Suppose 0 = -4*s + 23 + 109. What is the greatest common divisor of s and 198?
33
Let a be (11/(-3))/((-2)/6). What is the highest common divisor of 66 and a?
11
Let h(l) = 9*l + 7. Let i be h(-5). Let n = i - -66. Calculate the highest common factor of 7 and n.
7
Suppose -2*y + 334 = 4*g, 4*y - 15*g + 10*g = 694. Let c = 45 - 26. What is the highest common divisor of c and y?
19
Let l be (2/(-6))/(2/(-6)). Suppose -l = -2*y + 19. Calculate the greatest common divisor of y and 2.
2
Let s(b) = 13*b + 6. Let y be -2 - (0 - -1) - -2. Let k be 0 + y + 8 - -1. Let p be s(k). What is the highest common divisor of p and 10?
10
Let j = -7 - -10. Suppose r + 36 = j*r. Calculate the highest common divisor of 36 and r.
18
Suppose -o + 3*j = -21, -3*o - 2*o + 5*j = -65. Calculate the highest common factor of 9 and o.
9
Suppose -o - 2*o = -12. Calculate the highest common divisor of o and 20.
4
Let k be (2/(-4))/(1/(-6)). Suppose -u = 4*y + 4, -4*u - 3*y + 7*y - 36 = 0. Let p = 20 + u. Calculate the highest common factor of k and p.
3
Let d(s) = -2*s + 1. Let i = -6 - -7. Let w be d(i). Let g be (3 - 14)*1*w. What is the highest common factor of g and 33?
11
Suppose 156 = -5*t + t. Let u = 6 - t. What is the highest common factor of 9 and u?
9
Suppose -4*m + 400 = 148. Let j = 21 + 21. Calculate the highest common factor of m and j.
21
Suppose -b + 0*b - 4*i = -34, 3*b = -5*i + 81. Let z be 4/(-2)*b/(-4). Calculate the highest common divisor of z and 77.
11
Let n(f) = f**2 + 2*f + 3. Let r be n(3). Let o(h) = 22*h**2 + h + 3. Let b be o(-3). What is the greatest common factor of b and r?
18
Let q(j) = 8*j + 8*j**2 + 13 - 1 - 2 + 9*j**3 - 8*j**3. Let r be q(-7). Suppose 0 = -0*s - r*s + 6. What is the highest common factor of s and 22?
2
Let v = 22 - -55. Let w(f) = 7*f + 1. Let q be w(2). Suppose 2*k - 5*k + 2*j + q = 0, -3*k + 30 = 3*j. What is the highest common divisor of v and k?
7
Let s = 16 + -22. Let i = s - -11. Calculate the greatest common factor of i and 5.
5
Let q be (10 + -1)/(9/48). Let w = q - 28. Let x = 196 + -16. What is the highest common factor of x and w?
20
Let q = 38 - 26. Suppose g - 18 - 78 = 0. Calculate the greatest common divisor of q and g.
12
Let o = -121 + 238. Let y = -18 + o. Suppose -6 = 2*k, x - k - 17 = -5. Calculate the greatest common divisor of x and y.
9
Suppose 0 = b - 6*b + 80. Let x be (b/20)/((-4)/(-30)). What is the greatest common divisor of x and 6?
6
Let o = 180 + -169. What is the highest common factor of 341 and o?
11
Let i = -79 - -89. Calculate the highest common divisor of i and 6.
2
Let i = -29 + 25. Let l(s) = s**2 + 5. Let k be l(i). Calculate the highest common factor of k and 84.
21
Let j = 6 + -4. Let t(d) = d. Let s be t(4). Calculate the greatest common divisor of j and s.
2
Let w(d) = d**3 - 5*d**2 + 5*d + 5. Let c be w(3). What is the greatest common factor of 5 and c?
1
Suppose -4*j = -8*j + 24. Let y(n) = -n**2 + 7*n - 4. Let d be y(j). Let x be d/12 + (-923)/(-6). What is the greatest common divisor of x and 14?
14
Let l be 5 + 1*2*-1. Suppose 0 = -4*u + l*u + 81. Calculate the greatest common factor of 9 and u.
9
Let c(r) = -r**3 - 4*r**2 + 5. Let k be c(-4). Calculate the highest common factor of k and 45.
5
Suppose 3 + 1 = 2*a. Suppose -9 = -a*o - g, -4*o = -5*o - 5*g - 9. Calculate the greatest common divisor of 6 and o.
6
Let o(f) = f - 2. Let q be o(14). Calculate the greatest common divisor of q and 36.
12
Let s(i) = -i**2 - 6*i + 8. Let b be s(-6). Let p(h) = h - 5. Let n be p(9). Suppose -n - 4 = -r. What is the highest common factor of b and r?
8
Let s = -10 + 14. Suppose 7 = -3*z + s*b + 3, 2*z - 4 = b. Suppose 8 = 3*c - a, -z*a + 8 = 3*c - 5. What is the highest common divisor of c and 12?
3
Let k(j) = 2*j**2 + j - 4. Let c(l) = -3*l**2 - 2*l + 3. Let u(x) = -3*c(x) - 4*k(x). Let g be u(-7). Calculate the highest common factor of 6 and g.
6
Suppose 2*s - s + 84 = 4*v, -v + 4*s + 36 = 0. Calculate the highest common factor of v and 220.
20
Let u = -14 + 6. Let g be (-4)/u*-4 - -7. Suppose 4*i - f = 59, 3*i - 27 = -f + 19. What is the greatest common divisor of g and i?
5
Let h(l) = 2*l**2 - 19*l - 7. Let f be h(10). Let j be 25 + (-1 - -3)/1. What is the highest common divisor of j and f?
3
Suppose -2*d + 171 = -d. What is the highest common divisor of 19 and d?
19
Let h be (-3)/2 + (-105)/(-10)*1. Calculate the highest common divisor of h and 9.
9
Let o = 36 + 9. Calculate the highest common factor of o and 5.
5
Suppose 5*l + j = 21, -5*j + 3 = -l + 2. Let d be 12/l + 12 - 1. Calculate the highest common divisor of d and 14.
14
Let t(k) = 6*k**2 - 1. Let z be t(1). Suppose 2*i - 49 = -z. Calculate the highest common divisor of i and 2.
2
Let x(r) = r**2 + 12*r + 2. Let w be x(-12). Suppose -w*y = -0 - 144. Suppose -2*z + 6*z - y = 0. What is the highest common factor of 126 and z?
18
Suppose 3*n = 2*n + 2*m + 5, 9 = n - 4*m. Suppose -19*a + 104 = -105. What is the highest common divisor of a and n?
1
Let i = 11 + -8. Let l = -17 + 18. Let f be (i - l)*70/2. What is the highest common divisor of 10 and f?
10
Suppose 0 = -n - v + 16, -2*n - v + 36 = -0*n. Calculate the greatest common divisor of n and 4.
4
Let i = 657 + -332. Let t = -160 + i. Suppose -5*d + t = -315. Calculate the greatest common divisor of d and 12.
12
Let w = -78 - -133. Let j = 134 - w. Suppose -j - 141 = -4*s. Calculate the greatest common factor of s and 11.
11
Let f(s) = s + 1. Let d(c) = -17*c. Let m(v) = -d(v) + 2*f(v). Let b be m(7). Suppose 55 = -5*u + b. Calculate the highest common divisor of 80 and u.
16
Let q = -194 + 285. Calculate the greatest common factor of 13 and q.
13
Let u(s) = 3*s**2 - 2. Let q be u(-2). Suppose 6*b - 3*b - 6 = 0. What is the highest common factor of b and q?
2
Let m = -20 + 29. Suppose -5*g - 105 = -5*a, a + 42 = -3*g - m. Let z = g - -216. Calculate the highest comm